(h) = -194*h + 4876. Calculate w(25).
26
Let f(v) = 7*v**3 + 8*v**2 - 19*v + 44. Give f(3).
248
Let l(g) = -g**3 - 34*g**2 + 75*g + 33. What is l(-36)?
-75
Let f(o) = o**3 - 50*o**2 + 97*o + 77. Determine f(48).
125
Let j(n) = 1310*n - 309158. Determine j(236).
2
Let i(a) = a**2 - 133*a - 2981. What is i(-19)?
-93
Let z(b) = 3*b**3 - 8*b**2 + 3*b - 4. What is z(3)?
14
Let t(c) = -c**2 + 463*c + 5697. Determine t(-12).
-3
Let i(u) = -69*u - 356. Give i(0).
-356
Let m(t) = -2*t**2 - 20*t - 117. Calculate m(-10).
-117
Let u(a) = -267*a - 165. Determine u(-2).
369
Let a(y) = -3*y**3 - y**2 - 1. What is a(2)?
-29
Let q(h) = 332*h - 21599. Give q(65).
-19
Let f(w) = -6*w**3 - 424*w**2 + 146*w + 180. Calculate f(-71).
-104
Let a(q) = 9*q**3 - 196*q**2 - 49*q + 67. Calculate a(22).
-43
Let x(o) = o**3 - 9*o**2 - 51*o + 313. Give x(11).
-6
Let o(u) = u**3 - 27*u**2 - 173*u + 2503. Give o(30).
13
Let d(s) = s**2 - 52*s + 274. Calculate d(6).
-2
Let p(i) = -3*i**2 + 45*i + 139. What is p(27)?
-833
Let h(m) = -273*m + 857. Determine h(4).
-235
Let c(z) = -2*z**3 + z**2 - 14*z + 122. What is c(4)?
-46
Let o(n) = 5*n**2 + 16*n - 200. Give o(6).
76
Let j(a) = 2*a**2 - 73*a + 29. Calculate j(36).
-7
Let w(q) = 562*q - 124773. Calculate w(222).
-9
Let q(b) = -b**2 - 50*b - 443. Give q(-9).
-74
Let g(u) = 76*u + 7859. What is g(-103)?
31
Let x(w) = 53*w**3 - w**2 + 12*w + 12. Calculate x(-1).
-54
Let m(l) = -l**3 - 10*l**2 + 7*l - 39. Calculate m(-11).
5
Let q(x) = 38*x + 835. Give q(-24).
-77
Let o(a) = a**2 - 102*a - 320. Give o(105).
-5
Let p(f) = 153*f - 1524. Calculate p(10).
6
Let q(z) = -717*z + 4073. Determine q(5).
488
Let k(x) = -9*x**3 + 6*x**2 - 26*x + 34. What is k(2)?
-66
Let q(a) = -1103*a + 93. Calculate q(1).
-1010
Let v(z) = z**2 - 216*z + 1264. Give v(6).
4
Let r(j) = j**2 - 1384*j - 4170. Calculate r(-3).
-9
Let i(w) = -w**2 + 124. Give i(11).
3
Let j(g) = -23*g + 989. Calculate j(42).
23
Let x(g) = g**3 - 32*g**2 + 53*g + 11. Determine x(30).
-199
Let u(m) = m**3 + 27*m**2 - 25*m - 1335. Give u(-26).
-9
Let k(o) = 271*o + 554. Calculate k(-3).
-259
Let u(g) = g**3 + 18*g**2 - 45*g - 68. Calculate u(-20).
32
Let z(k) = 2*k**2 + 76*k - 37. What is z(-39)?
41
Let l(d) = -130*d + 2476. What is l(19)?
6
Let r(f) = -1552*f + 139704. Determine r(90).
24
Let l(n) = n**3 + 71*n**2 + 170*n - 84. Give l(-3).
18
Let v(o) = -21*o**2 - 185*o - 139. What is v(-8)?
-3
Let z(a) = -2*a**3 - 155*a**2 + 80*a + 147. Give z(-78).
-9
Let s(p) = p**3 - 6*p**2 - 40*p - 4. Give s(0).
-4
Let q(g) = -3*g**2 - 4672*g - 23. Calculate q(0).
-23
Let n(t) = 11*t**2 + 3*t + 5. Calculate n(-3).
95
Let l(g) = g**3 - 61*g**2 + 116*g + 119. Calculate l(59).
1
Let f(g) = 28*g + 1271. What is f(-42)?
95
Let r(c) = 25*c**2 + 1229*c + 206. Calculate r(-49).
10
Let w(d) = -19*d - 122. Give w(-6).
-8
Let w(j) = j**2 - 122*j + 1199. Calculate w(11).
-22
Let k(l) = -l**3 + 8*l**2 - 20*l + 23. Calculate k(6).
-25
Let b(m) = 593*m + 2970. Determine b(-5).
5
Let l(x) = -94*x - 2220. Determine l(-24).
36
Let q(n) = 11*n + 268. Calculate q(-20).
48
Let t(y) = y**3 - 29*y**2 + 41*y - 205. What is t(28)?
159
Let t(b) = 4*b**2 + 28*b + 22. Calculate t(-8).
54
Let q(m) = m**3 + 11*m**2 - 12*m + 19. Calculate q(-12).
19
Let a(l) = -l**3 + 28*l**2 - 24*l - 81. Determine a(27).
0
Let x(v) = 47*v + 390. Give x(-23).
-691
Let m(k) = 2*k**3 - 25*k**2 + 2*k - 79. What is m(12)?
-199
Let q(z) = -2*z**2 + 54*z - 70. Calculate q(18).
254
Let z(t) = 34*t + 205. Calculate z(-7).
-33
Let u(b) = b**3 - 6*b**2 - 24*b + 73. Give u(8).
9
Let n(p) = 2*p**3 + 118*p**2 - 105*p + 858. Calculate n(-60).
-42
Let i(w) = 16*w - 1691. Calculate i(105).
-11
Let z(b) = -174*b + 2087. Give z(12).
-1
Let p(f) = 3*f**3 + 211*f**2 + 67*f - 195. What is p(-70)?
15
Let l(s) = 24*s**2 - 121*s - 5. Calculate l(5).
-10
Let k(s) = 200*s + 20621. Calculate k(-103).
21
Let a(w) = w**2 + 296*w - 3046. Determine a(10).
14
Let v(c) = c**2 - 76*c + 390. What is v(6)?
-30
Let r(f) = -f**3 + 19*f**2 - 28*f - 475. Determine r(15).
5
Let f(v) = 14*v**2 - 129*v + 110. What is f(8)?
-26
Let q(w) = -104*w + 101. What is q(0)?
101
Let g(i) = -3*i**2 - 109*i - 890. What is g(-24)?
-2
Let o(q) = -2*q**2 + 16*q + 12. Give o(5).
42
Let b(t) = 18*t**3 + 6*t**2 + 4*t. What is b(-2)?
-128
Let a(i) = 13*i**2 - 11*i - 11. Determine a(-2).
63
Let t(o) = -2*o**3 + o**2 + 598*o - 1190. Determine t(2).
-6
Let d(w) = -175*w + 54424. What is d(311)?
-1
Let s(w) = 2*w**3 - 8*w**2 + 20*w - 18. Give s(4).
62
Let h(d) = -2*d**2 - 198*d - 684. Give h(-96).
-108
Let t(a) = 172*a + 1247. What is t(-7)?
43
Let i(d) = -d**3 + 24*d**2 + 25*d + 712. Calculate i(26).
10
Let w(i) = -i**3 - 3*i**2 + 8*i - 14. What is w(0)?
-14
Let b(z) = -z**3 - 7*z**2 + 20*z + 93. Give b(-10).
193
Let j(o) = o**3 + 14*o**2 - 4*o - 89. Calculate j(-15).
-254
Let g(b) = -46*b - 529. Give g(-12).
23
Let f(p) = p**3 - 103*p**2 - 5*p + 518. Give f(103).
3
Let c(y) = 65*y - 361. Calculate c(7).
94
Let w(f) = -2*f**2 - 109*f - 181. Give w(-47).
524
Let r(i) = 173*i + 2426. What is r(-14)?
4
Let d(t) = t**2 + 405*t - 3297. What is d(8)?
7
Let f(l) = 16*l**2 - 545*l + 37. Determine f(34).
3
Let m(o) = 88*o**2 - 107*o + 5. Give m(2).
143
Let t(r) = r**3 + 10*r**2 + 24*r + 21. Determine t(-9).
-114
Let r(t) = -1943*t + 9710. What is r(5)?
-5
Let y(w) = -7*w**2 + 27*w + 11. Calculate y(-4).
-209
Let i(n) = -7*n**2 - 260*n + 1682. What is i(-43)?
-81
Let y(h) = 58*h + 146. Calculate y(-4).
-86
Let d(j) = -68*j + 16. Calculate d(-3).
220
Let k(g) = 3*g**3 - 9*g**2 + 4*g - 4. Give k(3).
8
Let v(s) = -s**3 - 14*s**2 - 35*s + 46. What is v(-10)?
-4
Let r(d) = 3*d**2 + 1109*d - 4475. What is r(4)?
9
Let p(d) = -d**3 + 20*d**2 + 99*d - 59. Determine p(24).
13
Let o(b) = 19*b - 940. What is o(19)?
-579
Let y(p) = 274*p - 265. What is y(4)?
831
Let p(i) = i**2 - 11*i - 4. What is p(14)?
38
Let c(y) = 6*y**2 + 439*y - 784. Give c(-75).
41
Let u(f) = -2*f**3 + 13*f**2 + 37*f - 264. What is u(8)?
-160
Let g(f) = 6*f**3 - 3*f**2 - 135*f - 260. Give g(-2).
-50
Let h(o) = -o**3 + 2*o**2 - 2*o - 2. What is h(-3)?
49
Let g(y) = 67*y**2 - 5*y - 5. What is g(3)?
583
Let k(o) = o**2 + 15*o + 207. Give k(-31).
703
Let m(z) = -4598*z + 64363. Give m(14).
-9
Let y(x) = 47*x - 2232. Determine y(48).
24
Let z(s) = 136*s + 153. Determine z(-6).
-663
Let o(d) = 5*d + 331. Determine o(-68).
-9
Let f(o) = -2*o**2 + 1162*o - 5756. Calculate f(5).
4
Let j(v) = 23*v - 404. What is j(15)?
-59
Let u(m) = 19*m**2 - 3*m + 7. What is u(2)?
77
Let c(q) = 4*q**2 - 85*q + 144. Give c(24).
408
Let m(s) = 1594*s + 51. Determine m(0).
51
Let g(n) = 238*n + 1896. Give g(-8).
-8
Let q(j) = 7*j**2 - 883*j + 4241. What is q(5)?
1
Let l(n) = -n**3 - 11*n**2 + 27*n + 349. Determine l(-10).
-21
Let g(d) = 2*d**3 + 2*d**2 + 47*d + 46. Calculate g(-1).
-1
Let o(s) = -s**3 + 15*s**2 + 68*s - 257. Calculate o(18).
-5
Let t(o) = 6*o**3 - 8*o**2 + 5*o - 3. What is t(5)?
572
Let c(a) = -2*a**2 + 222*a + 9864. Calculate c(145).
4
Let l(m) = -20*m - 4. Determine l(5).
-104
Let f(x) = -2*x**2 - 110*x - 1406. What is f(-20)?
-6
Let p(u) = u**2 + 87*u - 165. Give p(-89).
13
Let n(z) = -z**3 + 3*z**2 + 52*z - 198. Give n(4).
-6
Let v(w) = 14*w**2 + 88*w + 74. Determine v(-9).
416
Let h(z) = z**3 - 38*z**2 + 2*z - 80. Give h(38).
-4
Let o(v) = v**2 - 2122*v + 50344. Calculate o(24).
-8
Let g(y) = 44*y + 570. What is g(-3)?
438
Let c(p) = 49*p**2 - 15*p + 10. Give c(4).
734
Let u(c) = 6*c**2 + 10*c - 2. Calculate u(-1).
-6
Let h(t) = -t**3 + 71*t**2 + 137*t + 712. What is h(73)?
55
Let v(a) = 715*a - 444. Calculate v(1).
271
Let o(v) = -36*v + 1292. Calculate o(37).
-40
Let l(z) = 2*z**3 + 23*z**2 - 5*z - 164. Give l(-11).
12
Let g(k) = 9270*k + 83431. Give g(-9).
1
Let o(b) = b**3 + 39*b**2 - 23*b + 265. Determine o(-39).
1162
Let r(w) = -4*w**2 - 318*w + 3179. What is r(9)?
-7
Let y(u) = -u**2 - 23*u - 41. Calculate y(-14).
85
Let v(u) = u**3 + 53*u**2 + 53*u + 20. Determine v(-52).
-32
Let c(a) = -424*a + 1281. Calculate c(3).
9
Let b(r) = 48*r**2 - 13151*r - 269. Determine b(274).
5
Let v(q) = -8696*q - 43475. What is v(-5)?
5
Let b(u) = 8*u**2 - 104*u + 127. Give b(11).
-49
Let h(m) = -m**2 - 36*m + 176. Give h(5).
-29
Let n(r) = -r**3 + 60*r**2 - 323*r -